umber?
False
Let o(g) = 4*g**2 + g - 39. Let r be o(-9). Let l(q) = -11*q - 7. Let n be l(-6). Let w = r - n. Is w a composite number?
True
Let q(b) = 3*b**2 - 46*b - 39. Is q(34) composite?
True
Is ((-612)/(-8))/3*(1 + 1) prime?
False
Is (-244)/(-1098) + (-2 - 659149/(-9)) a prime number?
True
Let r(o) = 111*o**3 - 9*o**2 + 10*o - 23. Is r(3) composite?
True
Let q(t) be the first derivative of t**3 - 2*t**2 - 2*t - 1. Suppose -5*g + 25 = a, 2*g = 3*a + 34 - 7. Is q(g) composite?
True
Suppose 0 = -6*g + 36 + 36. Suppose g*v + 5 = 7*v. Is (12/16)/(v/(-52)) prime?
False
Let m = 1301 - 2365. Let b = 2425 + m. Is b composite?
False
Let v(c) = 5*c**2 + 11*c - 11. Suppose 0 = -5*x + 3*x - 3*r - 30, -4*r - 44 = 3*x. Is v(x) a prime number?
True
Let f(b) = -2*b**3 - b**2 - 2*b - 3. Suppose -3*u - 1 - 2 = 0. Let s be u*2 - (-6 + 6). Is f(s) a prime number?
True
Suppose -113*y = -110*y - 33. Suppose -y*j + 8983 - 1448 = 0. Is j a prime number?
False
Let q = -3695 - -7048. Is q composite?
True
Let f be ((-2)/4)/((-2)/(-3620)). Let a = -514 - f. Is a composite?
True
Let p(h) be the third derivative of -h**6/120 - h**5/12 + 5*h**4/12 - 3*h**3/2 - h**2. Suppose -8*i = -3*i + 40. Is p(i) a prime number?
True
Let g(d) = -d**3 - 3*d**2 - 2*d. Suppose 5*t = 4*l - 7, -4*l - 2*t = -3*t + 5. Let n be g(l). Let a(j) = j**2 - j + 161. Is a(n) prime?
False
Suppose -1244 - 1643 = -m. Let s = 4986 - m. Is s composite?
False
Suppose -19*d = -17*d. Is 5575/5 + 2 - d a composite number?
False
Let y = -962 + 1376. Let n = 995 - y. Is n a composite number?
True
Suppose -15*d = -3*d - 2532. Is d a prime number?
True
Let c(z) = 4*z**3 - 18*z**2 + 36*z + 34. Is c(10) a prime number?
False
Let z(m) = m**2 + 4*m + 2. Let h be z(-4). Let p be (-7)/14 - (-5)/h. Is 1 - (p + (-7 - -3)) composite?
False
Suppose k - 11 = -4*v, 3*k - v - 67 = 4*v. Let y(r) = 4*r**2 + 24*r - 5. Is y(k) a composite number?
True
Suppose -29*p = -26*p - 1563. Is p a prime number?
True
Let c = -122 - -66. Is (28/c)/((-2)/(-6680)*-2) prime?
False
Let b(q) = -8*q**2 - 13*q. Let h be b(-14). Let x = 2683 + h. Let i = -920 + x. Is i a prime number?
False
Suppose 0 = -2*g - g. Let q be ((-13)/(-4))/(3 + 284/(-96)). Suppose 2*r - 1436 + q = g. Is r prime?
False
Is ((-4441)/4)/(12/(-48)) a composite number?
False
Suppose -4*k + 27*r = 31*r - 19340, 19316 = 4*k - 2*r. Is k prime?
True
Let x(u) = -18*u**3 + 5*u**2 - 12*u - 1. Is x(-6) composite?
False
Let z(b) = -213*b**3 - 3*b**2 - 2*b - 3. Is z(-2) a composite number?
False
Suppose 40 = 5*n + 170. Let r = n - -8. Is 0/2 + (-990)/r a prime number?
False
Suppose -104*i + 93*i + 1397 = 0. Is i a prime number?
True
Suppose 82*x = 1950807 + 965687. Is x prime?
False
Is ((-201)/6)/((-15)/16410) a composite number?
True
Let r(s) = s**3 - 14*s**2 - 15*s + 4. Let j be r(15). Suppose -j*c = -2*w - 4214, 3*c + 4*w = -2*c + 5287. Is c composite?
True
Let k(v) = 1493*v + 18. Is k(1) composite?
False
Let l = 31 - -12. Let o = 80 - l. Is o prime?
True
Let b = -749 - -502. Let w = -86 - b. Is w a prime number?
False
Suppose 6*q = 8*q - 6094. Is q prime?
False
Suppose -6*o + 9 + 129 = 0. Suppose -o = -4*b + b - l, -5*b + 2*l = -31. Suppose 0 = -b*u + 10*u - 639. Is u a composite number?
True
Let l(m) = 133*m**2 + 4*m + 2. Let y be l(-2). Suppose 0 = -5*p + 11 - 1. Suppose -p*v - y = -4*v. Is v prime?
True
Let t(n) = n**2 - 6*n. Let b be t(6). Let u(o) = o + 86. Let z(w) = -w - 85. Let d(a) = 4*u(a) + 3*z(a). Is d(b) a composite number?
False
Let z = 9142 + -2533. Is z composite?
True
Let t(y) be the third derivative of 295*y**4/24 - 17*y**3/6 + 5*y**2. Is t(10) a prime number?
False
Suppose 16*y - 34138 + 11786 = 0. Is y a composite number?
True
Let g(u) = u**3 + 7*u**2 + 4*u + 26. Let l be g(-7). Is (7 + -9)/(l - (-3144)/1574) a composite number?
False
Let k(a) = 3*a**3 + 3*a**2 + 9*a - 13. Suppose -c + 45 = 4*c. Let z = 15 - c. Is k(z) a composite number?
False
Let x be (-448)/(-77) + (-2)/(-11). Suppose x*h = 934 + 1556. Is h a composite number?
True
Suppose -3*d + 17*b + 4533 = 20*b, 0 = -b. Is d a composite number?
False
Let r = -3908 - -1946. Let v(y) = -y**2 - 5*y - 5. Let m be v(-4). Is m/(-1 - r/1965) a composite number?
True
Suppose 4 = -7*m + 3*m. Is m/(-2)*(-8 + 102) a prime number?
True
Let r(m) = 2*m**3 + 9*m**2 + 9*m + 9. Let k(g) = -2*g**3 - 3*g**2 - 5*g - 3. Let w be k(-2). Is r(w) prime?
False
Let f(s) = 261*s**2 + 31*s + 187. Is f(-6) prime?
True
Let l = -71 - -73. Suppose -5*n = -3*h - 6989, -3*h - l = -8. Is n a composite number?
False
Let l(g) = 26*g + 20. Suppose 5*j = n + 4*j - 11, -4*n - 5*j = -26. Is l(n) composite?
True
Suppose y = 2*c + 26, -40 = -2*c + 6*c - 5*y. Is (-14046)/c + 1 + 14/(-35) a prime number?
True
Let o(s) = s**3 + 5*s**2 - 6*s - 7. Let i be o(-6). Let q be 4 + i + 44/1. Suppose q = 2*u + 2*u + 5*p, 0 = -2*u - p + 25. Is u a prime number?
False
Let h(g) = -5 - 2*g**3 - 1 + 2*g**2 - 4*g - 2 - g**3. Let x be h(-4). Let l = x - -253. Is l a composite number?
True
Let s = -457 + 1818. Is s composite?
False
Suppose 4*b - 3 = 5. Let y(t) = 1 + 5*t + 9*t**2 - 7*t - 2*t**2 + 1. Is y(b) composite?
True
Let n = -15 + 21. Suppose n - 21 = 3*y. Is 5621/35 - 2/y composite?
True
Let v(s) = -s**2 - 8*s + 1. Let h be v(-8). Let r be (2 - h)/(6/12). Suppose -r*n + m = -2*m - 441, m = n - 218. Is n a prime number?
False
Let f = -72 - -69. Is -3 - f/(6/10408) a composite number?
True
Let c be -1 + 540 - (12 - 14). Suppose -1903 = -2*s - c. Is s a prime number?
False
Suppose -7*n = -3*r - 6*n + 110618, -2*r - 4*n + 73722 = 0. Is r a composite number?
False
Let g be -12790*(2 + 20/(-8)). Let c = g - 4273. Suppose 4*k = 6*k - c. Is k prime?
True
Let l = 628 - -336. Suppose 5*f - 2*t + 3*t = -l, -4*t + 4 = 0. Let m = f - -354. Is m prime?
False
Suppose 5*w - w = -3*j + 5333, -5*j - w + 8911 = 0. Is j prime?
True
Let d be ((-1)/4)/((-5)/60). Suppose 2*j - 550 = r + d*r, 1350 = 5*j - 5*r. Is j a composite number?
True
Is (-16 - 1820/(-117)) + 330614/18 a prime number?
True
Let x = 173535 - 109430. Is x a composite number?
True
Let b = -19 - -19. Suppose 4*h = 2*t - 2770, -5*t + 2*h + 6949 = -b*h. Is t a prime number?
False
Suppose 25 - 10 = -5*v. Let s(y) = 438*y**2 - 7. Is s(v) composite?
True
Let o(a) be the first derivative of -a**4/4 - a**3/3 + a**2/2 + 147*a + 8. Let z be o(0). Suppose -f - 4*f = 3*b - 84, 0 = -4*b + 5*f + z. Is b a prime number?
False
Let z(u) = 42*u**3 + 9*u**2 + 17*u + 19. Is z(11) a prime number?
False
Let s = 9 - 12. Is (-2 - 3)/(1/(-106)) + s prime?
False
Let v be (2/(-3))/((-4)/30). Suppose v*z + 1046 = -5*c + 3271, -451 = -z - 4*c. Is z a prime number?
True
Let f(q) = -56*q - 9. Let u be f(-3). Let h = u - 113. Is h composite?
True
Suppose -4*q + 17 = 3*p, q = 2*p + 2*q - 3. Is (p + 2)/(14/742) composite?
False
Suppose -3*y - 4*b = -8, -2*y - b + 2 = b. Is y/(-7) + (-20)/84*-1581 a composite number?
True
Suppose 0 = d + 5*g - 35, 4 = g + 1. Suppose 5*a + 4*i - 2*i - 38 = 0, 0 = -5*i + d. Suppose a*y - 4*y = 70. Is y a composite number?
True
Let a(f) = 2*f**2 - 6*f + 7. Let o(i) = i - 6. Let t be o(9). Suppose -t*m + 17 = -7. Is a(m) composite?
True
Let n = 1278 - -119. Is n prime?
False
Suppose 7*t - 50 = 2*t. Let y be (-2)/6 - t/(-3). Suppose -491 = -4*a + y*a. Is a a composite number?
False
Let m(o) = 9*o - 10. Suppose -3*l = -6*z + 2*z - 44, 0 = -2*z - 10. Let h be m(l). Suppose -5 = 3*x - h. Is x a prime number?
True
Let p(q) be the third derivative of 17*q**5/30 + 5*q**4/24 + q**3/6 - 12*q**2. Is p(-2) composite?
False
Is 6/(-11) - (-845858)/286 a composite number?
False
Suppose 3*r - 4*z = -2*r + 21, 4*z + 14 = -2*r. Let p be r/(-4) + 6544/64. Let t = 1331 - p. Is t prime?
True
Suppose 0 = -6*p + 4*p + 32. Let g(r) = 5*r + 12. Let z be g(p). Suppose 5*n + z = 9*n. Is n composite?
False
Is 3459/1 + (-21 - (9 + -24)) composite?
True
Suppose 4*a + 78 = 7*a. Let n = 121 - a. Is n composite?
True
Is (-23)/((-230)/12270)*(-10)/(-6) a prime number?
False
Let a(q) = 23*q**2 - 9*q - 35. Let j be a(12). Let n = -1772 + j. Is n a composite number?
True
Let n(v) = -v**2 + 6*v - 3. Let o be n(5). Suppose -q + o = -y - 1, 2*y - 4 = 0. Suppose -5*c = -q*k - 460, -2*c = k + 4*k - 163. Is c a composite number?
False
Suppose -201*d + 25057